a multiple of 70?
True
Does 5 divide 74253?
False
Is 882 a factor of 321048?
True
Does 12 divide 1008401?
False
Is 13 a factor of 298931?
False
Does 10 divide 36684?
False
Is 1289 a factor of 5271656?
False
Does 180 divide 142380?
True
Is 475949 a multiple of 17?
True
Is 17380 a multiple of 79?
True
Does 300 divide 969007?
False
Is 2 a factor of 2441563?
False
Does 321 divide 2256630?
True
Is 635575 a multiple of 15?
False
Is 30 a factor of 8803350?
True
Does 9 divide 36105?
False
Is 57 a factor of 3366762?
True
Does 24 divide 149581?
False
Is 1715395 a multiple of 55?
True
Does 253 divide 283613?
True
Does 9 divide 8343?
True
Is 18 a factor of 11136564?
True
Does 2 divide 15838?
True
Does 153 divide 1996313?
False
Does 24 divide 105000?
True
Is 3161301 a multiple of 11?
True
Does 11 divide 2172901?
False
Is 162237 a multiple of 48?
False
Does 11 divide 54848?
False
Does 310 divide 472750?
True
Is 1328026 a multiple of 203?
True
Is 90 a factor of 412380?
True
Does 78 divide 228278?
False
Is 14907990 a multiple of 22?
False
Does 17 divide 153034?
True
Is 204660 a multiple of 45?
True
Is 139 a factor of 651076?
True
Does 8 divide 236008?
True
Is 58500 a multiple of 9?
True
Is 113 a factor of 1866243?
False
Is 52756 a multiple of 4?
True
Does 102 divide 1712988?
True
Is 6379100 a multiple of 13?
True
Does 18 divide 10174794?
False
Is 184836 a multiple of 12?
True
Does 13 divide 23446?
False
Does 2 divide 21605?
False
Is 178636 a multiple of 34?
True
Is 1071584 a multiple of 9?
False
Is 224135 even?
False
Is 155651 a multiple of 10?
False
Is 3 a factor of 2489978?
False
Is 1243553 a multiple of 827?
False
Is 1651 a factor of 16671175?
False
Is 138 a factor of 361292?
False
Is 43040 a multiple of 6?
False
Is 1094128 a multiple of 56?
True
Is 113 a factor of 15502434?
False
Is 344926 a multiple of 58?
True
Is 7714991 a multiple of 17?
True
Is 2395600 a multiple of 192?
False
Does 128 divide 74856?
False
Is 6555766 a multiple of 47?
False
Does 97 divide 7859?
False
Is 1089 a factor of 4564855?
False
Is 80214 a multiple of 87?
True
Is 957155 a multiple of 47?
True
Is 16 a factor of 1840?
True
Does 2 divide 2854?
True
Is 168 a factor of 34944?
True
Does 5 divide 15575?
True
Is 3 a factor of 7167?
True
Is 8 a factor of 650573?
False
Is 920489 a multiple of 29?
True
Is 5129783 a multiple of 1643?
False
Does 3 divide 323652?
True
Does 92 divide 661204?
True
Does 43 divide 1082521?
False
Is 344487 a multiple of 68?
False
Is 1780 a factor of 37377753?
False
Does 723 divide 4771315?
False
Is 4 a factor of 137768?
True
Does 14 divide 716926?
True
Does 9 divide 202365?
True
Does 16 divide 216557?
False
Is 6 a factor of 16200978?
True
Does 145 divide 25068470?
True
Does 295 divide 5965349?
False
Is 67 a factor of 49647?
True
Is 241107 a multiple of 23?
False
Is 6387370 a multiple of 97?
False
Is 10 a factor of 18780?
True
Is 115180 a multiple of 20?
True
Is 12541471 a multiple of 125?
False
Is 24 a factor of 172868?
False
Does 16 divide 7652990?
False
Is 177861 a multiple of 56?
False
Does 16 divide 161328?
True
Is 98 a factor of 3542896?
True
Is 175 a factor of 121275?
True
Is 35 a factor of 44211?
False
Is 1088343 a multiple of 9?
True
Does 369 divide 16493716?
False
Does 789 divide 5407017?
True
Is 7 a factor of 16626?
False
Is 741 a factor of 4835766?
True
Does 6 divide 95766?
True
Is 1822662 a multiple of 81?
True
Is 55 a factor of 57530?
True
Does 151 divide 1508689?
False
Does 14 divide 1620584?
True
Does 122 divide 3100783?
False
Is 1900064 a multiple of 16?
True
Does 22 divide 620620?
True
Does 20 divide 152120?
True
Is 13 a factor of 41683?
False
Is 10 a factor of 165860?
True
Is 425187 a multiple of 7?
True
Is 3 a factor of 92000?
False
Does 871 divide 4347161?
True
Does 275 divide 34705746?
False
Is 8 a factor of 6804864?
True
Does 155 divide 488095?
True
Is 146 a factor of 212052?
False
Is 58315 a multiple of 107?
True
Does 652 divide 4844435?
False
Is 1121190 a multiple of 7?
True
Does 9 divide 797968?
False
Is 43 a factor of 1551268?
True
Does 9 divide 11256?
False
Does 5 divide 20440?
True
Is 15 a factor of 774448?
False
Does 19 divide 18015325?
True
Does 148 divide 190026?
False
Is 5433852 a multiple of 859?
False
Is 335852 a multiple of 22?
True
Is 65 a factor of 5773755?
True
Does 152 divide 10882596?
False
Is 29 a factor of 2774923?
True
Does 1015 divide 1288340?
False
Is 49 a factor of 16586941?
True
Is 10678332 a multiple of 408?
False
Is 288 a factor of 6624?
True
Is 236 a factor of 1122874?
False
Is 2164513 a multiple of 9?
False
Is 155028 a multiple of 226?
False
Is 299 a factor of 242788?
True
Is 74587 a multiple of 6?
False
Is 1140382 a multiple of 18?
False
Does 34 divide 89669?
False
Is 205170 a multiple of 3?
True
Is 149856 a multiple of 21?
True
Is 224943 a multiple of 53?
False
Does 24 divide 4396822?
False
Does 3 divide 705993?
True
Does 16 divide 1645328?
True
Is 13 a factor of 6513?
True
Does 2 divide 208407?
False
Does 8 divide 500891?
False
Is 60669 a multiple of 63?
True
Does 35 divide 628480?
False
Does 30 divide 4934580?
True
Is 60 a factor of 309240?
True
Is 2 a factor of 357642?
True
Is 426933 a multiple of 123?
True
Is 14 a factor of 32185482?
True
Is 45 a factor of 601193?
False
Does 13 divide 178984?
True
Is 28576 a multiple of 376?
True
Is 54 a factor of 38328?
False
Is 8 a factor of 105271?
False
Does 122 divide 269326?
False
Is 186564 even?
True
Is 27572796 a multiple of 1878?
True
Does 11 divide 189915?
True
Is 9 a factor of 23679?
True
Is 158650 a multiple of 14?
False
Does 99 divide 888723?
True
Is 38 a factor of 264708?
True
Is 105 a factor of 119415?
False
Does 42 divide 3760034?
False
Does 19 divide 2100733?
False
Is 27 a factor of 247347?
True
Does 2144 divide 9936291?
False
Is 7242732 a multiple of 7?
True
Is 5 a factor of 7610?
True
Is 94 a factor of 58844?
True
Does 374 divide 822052?
True
Is 154 a factor of 26466594?
True
Is 3058525 a multiple of 235?
True
Is 116 a factor of 2602460?
True
Is 60 a factor of 51360?
True
Is 329212 a multiple of 51?
False
Does 331 divide 163157?
False
Is 3174074 a multiple of 122?
True
Is 161 a factor of 137510?
False
Does 179 divide 27745?
True
Does 32 divide 1627850?
False
Does 570 divide 569668?
False
Is 94901 a multiple of 43?
True
Is 26935 a multiple of 122?
False
Is 3 a factor of 37378?
False
Does 100 divide 879800?
True
Is 69 a factor of 215903?
False
Does 3 divide 827693?
False
Is 38 a factor of 1651556?
True
Is 5032136 a multiple of 24?
False
Does 81 divide 313389?
True
Is 14 a factor of 995764?
True
Does 185 divide 175195?
True
Does 249 divide 3843564?
True
Does 27 divide 2843100?
True
Does 4 divide 1659377?
False
Is 28741 a multiple of 221?
False
Is 163022 a multiple of 22?
False
Is 241 a factor of 157132?
True
Is 1147 a factor of 545972?
True
Is 138137 a multiple of 80?
False
Does 50 divide 460997?
False
Is 438 a factor of 14016?
True
Is 29 a factor of 399823?
True
Is 10087934 a multiple of 673?
False
Is 42 a factor of 1630860?
True
Does 269 divide 33894?
True
Is 1657 a factor of 9412946?
False
Is 154640 a multiple of 17?
False
Does 42 divide 17640?
True
Is 4966022 a multiple of 1213?
True
Is 526 a factor of 1682674?
True
Is 26 a factor of 14748500?
True
Is 319 a factor of 3082677?
False
Is 259720 a multiple of 10?
True
Is 47092 a multiple of 2?
True
Is 275 a factor of 4926768?
False
Does 20 divide 4208080?
True
Is 4 a factor of 4313620?
True
Is 840296 a multiple of 3?
False
Is 118 a factor of 5683034?
False
Is 6 a factor of 1140848?
False
Does 63 divide 34775?
False
Does 45 divide 534195?
True
Is 2 a factor of 28555?
False
Does 7 divide 9080?
False
Does 29 divide 107387?
True
Is 12 a factor of 267984?
True
Is 85647 a multiple of 63?
False
Does 1025 divide 5401750?
True
Is 187 a factor of 2172566?
True
Is 331687 a multiple of 179?
True
Is 7601345 a multiple of 29?
False
Is 216 a factor of 215442?
False
Is 23 a factor of 83318?
False
Does 21 divide 2013659?
False
Does 69 divide 3267?
False
Is 1118 a factor of 10113428?
True
Does 299 divide 65646?
False
Is 240062 a multiple of 224?
False
Is 216782 a multiple of 205?
False
Does 32 divide 129135?
False
Does 91 divide 441532?
True
Does 57 divide 22230?
True
Is 29 a factor of 14502?
False
Is 19179 a multiple of 9